be (0 - -1)*(-725)/(-5). Suppose -2*d - 3*t = -d - 38, -4*d - 5*t = -z. Calculate the highest common divisor of 14 and d.
7
Let w = -12 - -2. Let p = 24 - w. Suppose -141 = -5*h + p. Calculate the greatest common divisor of 7 and h.
7
Let f be 53/11 + 4/22. Suppose 5 + 5 = f*o. Suppose 3*s = -2*c + 86, -2*s + 123 = o*s + c. What is the highest common divisor of 16 and s?
16
Let s = -1 + 4. Let d(h) = -h**2 + 4*h - 5. Let i(q) = -q**2 + q - 1. Let c(j) = d(j) - 2*i(j). Let v be c(s). Calculate the highest common factor of v and 18.
6
Let g be (2/3)/(3/9). Let l(n) = -1 - n**2 + g - 5*n - 2. Let c be l(-3). What is the greatest common divisor of c and 40?
5
Suppose p - h + 153 = 3*p, -5*p - 3*h = -381. Suppose 19*j - 9*j = 520. Calculate the greatest common divisor of j and p.
26
Let l(i) = 2*i**2 - 4*i + 5. Let d be l(10). Calculate the greatest common divisor of 15 and d.
15
Let y(p) = 13*p. Let s be y(1). Let o(k) = 3*k + 4. Let b be o(6). Suppose 0 = f - 121 - b. What is the greatest common factor of s and f?
13
Suppose r - 15 = -o, -3*o + 25 = -2*r + r. Suppose a - o = -a. Let j(z) = z**3 - 4*z**2 + z - 4. Let h be j(a). Calculate the highest common factor of 13 and h.
13
Let r(x) = -67*x + 2. Let h be r(-2). Let j = h + -46. What is the highest common factor of j and 10?
10
Let j(q) = -q - 1. Let f be j(-3). Suppose 0 = 5*b - 2*x - 33, b - 3*b - 3*x - f = 0. Calculate the highest common divisor of b and 1.
1
Let d(t) be the third derivative of t**6/120 - t**5/30 - t**3/6 - t**2. Let s be d(3). What is the highest common divisor of s and 88?
8
Let v = 14 - 13. Let j be (-1 - 0 - -7) + -1. What is the highest common factor of j and v?
1
Let a be 4*-1*(-10)/20 - -75. Suppose -34 + 7 = -r + 4*h, -2*r = 2*h - 14. Calculate the highest common factor of r and a.
11
Suppose -3*s + 8*s - 89 = -4*k, -2*k + 44 = 2*s. Suppose 0 = 3*u - 5*y - 174, 3*u - 3*y = 2*u + 54. What is the highest common factor of u and k?
21
Let f(u) = 7*u**2 + 2*u + 3. Let j = -4 - -1. Let m be f(j). Let w(s) = 2*s**2 + 5*s - 1. Let c be w(-5). Calculate the greatest common divisor of m and c.
12
Let x be 0 + 21 - 1/1. Let n be 0 + 0 + 1*x. Suppose t = -t + n. Calculate the highest common divisor of t and 2.
2
Suppose 3*b - 17 = -3*y - 56, 4*b + 70 = 2*y. Let a = b - -31. Let h be (-6)/3 + a*2. Calculate the highest common divisor of 4 and h.
4
Suppose 4*l + 228 = -4*z, -5*z = -6*z + 3*l - 49. Let s = 427 + z. Suppose 2*i - 28 = s. Calculate the highest common factor of 20 and i.
20
Suppose -41 = -2*z + w + 4*w, 4*w + 4 = 0. What is the greatest common factor of 90 and z?
18
Let a = 103 - 101. Suppose -2*q + 12 = 2*q. Calculate the highest common factor of a and q.
1
Suppose -4*o + 2*b = -1370, 2*o = -3*b - 0*b + 681. Suppose -w = 5*q - 171, w - 5*q = -w + o. What is the greatest common divisor of w and 19?
19
Let y(c) = c + 13. Let v be y(-7). Suppose 4*g + 16 = v*g. Suppose -5*w + 50 = 5*i, i - 46 = -0*w - 4*w. What is the highest common divisor of w and g?
4
Let a be 1/(2*4/96*3). Let p = 8 + 0. Calculate the greatest common factor of p and a.
4
Let y = -19 + 77. What is the highest common factor of 145 and y?
29
Suppose -2*n + k + 38 = -3*k, -5*k - 54 = -3*n. What is the greatest common divisor of 65 and n?
13
Suppose z - 30 = -4*x, 24 = 4*x - 0*x - 2*z. Let a be (x/(-3))/((-4)/24). What is the highest common divisor of a and 154?
14
Let q = 5 - -7. Suppose q = -4*w + 2*w. Let p be 2/2 + (-60)/w. Calculate the highest common divisor of 77 and p.
11
Let s(x) = 26*x - 4. Let t be s(5). Calculate the greatest common factor of t and 14.
14
Suppose 0 = -4*z - 0*z - 8, -3*v + 271 = 4*z. What is the greatest common divisor of v and 62?
31
Suppose 0 = 2*k - 3*k + 66. Suppose -4*v + 376 = 4*t, t = -3*v + 287 + 5. Calculate the highest common divisor of k and v.
33
Let j = 23 - 20. What is the highest common factor of j and 2?
1
Suppose 865 = 5*t - 5*u, 3*u + 4 = -11. Calculate the highest common factor of 21 and t.
21
Suppose -3*u - 2 + 8 = 0. Let a(i) = 5*i**3 + 3*i**2 - 2. Let c be a(u). Calculate the greatest common factor of c and 5.
5
Suppose -18 = -2*o - o. Let n = -15 + o. Let t be ((-6)/4)/(n/24). What is the highest common divisor of 4 and t?
4
Suppose 0*d + 2*d + 8 = 0. Let l be (-6)/d*128/3. Calculate the highest common factor of 8 and l.
8
Let h = 132 - 86. Calculate the greatest common factor of h and 115.
23
Let n be (-21)/((-84)/(-32) + -3). What is the greatest common divisor of n and 7?
7
Let n(h) = h**3 - 12*h**2 + 22*h. Let p be n(10). What is the highest common divisor of 4 and p?
4
Let k be -1 - (-8)/(-3)*-6. Calculate the highest common divisor of k and 45.
15
Suppose -c = -2*c + 18. What is the greatest common divisor of c and 18?
18
Suppose q + 5*i = 23, -3*q + 18 = 5*i - 1. Let a(o) = 8*o**2 - 2. Let v be a(q). What is the greatest common divisor of 20 and v?
10
Let w(g) = g**2 + 3*g - 3. Let c be w(-7). Let m(s) = s + 16. Let i be m(-6). What is the greatest common divisor of i and c?
5
Suppose -f + 3 = -2. Suppose -2*j - g + 74 = 0, 0*j = -2*j + f*g + 86. Calculate the highest common factor of j and 95.
19
Let v be (-1)/(32/(-34) + 1). Let o = v + 35. Suppose 5 - 2 = j + 2*c, 51 = 5*j - 2*c. Calculate the highest common factor of j and o.
9
Suppose 2*t - 3*z - 138 = 0, -3*z - 58 = 4*t - 370. Calculate the highest common divisor of t and 30.
15
Suppose 2*t - 4 = 2*c, 0 = 3*t - 0*c - c + 2. Let m be (-2)/t*1 + 5. What is the greatest common factor of 6 and m?
6
Let j(h) = h - 3. Let i be (-22)/4*2/(-1). Let y = -6 + i. Let w be j(y). Calculate the greatest common factor of 22 and w.
2
Suppose -10*c + 5*c = 0. Suppose c = -4*u + 429 - 105. Suppose -o = -3*k + 31, o + 0*o - 14 = -2*k. Calculate the greatest common factor of k and u.
9
Let g be ((-2)/12)/((-4)/24). Suppose -k + g + 0 = 0. What is the highest common factor of k and 5?
1
Let g be (-27)/(-6)*2/3. Calculate the highest common divisor of 3 and g.
3
Let c = -32 + 17. Let b be 5/c + 2/6. Suppose -3*q + 37 + 41 = b. Calculate the greatest common factor of 208 and q.
26
Suppose -34 = -5*k + 156. Calculate the greatest common divisor of 19 and k.
19
Let n = 2 - -3. Let h = 0 + n. Let c(m) = 6*m + 5. Let f be c(5). What is the greatest common divisor of f and h?
5
Let z(o) = -18*o**3 - o**2 + 1. Let k be 81/(-99) - 4/22. Let a be z(k). Calculate the highest common divisor of a and 12.
6
Let u = 3 - -2. Let o = -6 + 4. Let w(l) = -24*l - 3. Let k be w(o). Calculate the highest common divisor of k and u.
5
Let y(g) = 2*g**2 + 5*g + 5. Let k be y(-4). Let i = k - 10. Suppose -i*b + 600 = -2*b. What is the highest common factor of 15 and b?
15
Let x be -1 + (0 - -201*1). Let a = -6 - -9. Suppose -a*o + x = 2*o. What is the greatest common divisor of o and 4?
4
Let h(m) = m**2 + 0*m**2 + 8 + m - 2*m - 5*m. Suppose -5*a + 2*w + 24 = 0, 2*a - 3*w + 3 = a. Let b be h(a). What is the highest common factor of b and 1?
1
Let g be (-1)/((3/2)/3). Let j be g/((-3)/(-66)*-1). Calculate the greatest common divisor of j and 4.
4
Let k = 11 + -8. Suppose 2*m = 4*f + 8, 4 = k*m - 2. Let v = 5 + f. Calculate the highest common factor of v and 16.
4
Let c be (-6)/24 + (-361)/(-4). Let g be -21*(3 - c/14). Calculate the greatest common divisor of 9 and g.
9
Let b = 3 - -12. Let t be (-20)/3*b/(-10). Calculate the greatest common factor of 70 and t.
10
Let n be (-502)/(-6) + (-4)/(-12). Let f be 4/(-3)*n/(-8). What is the greatest common factor of f and 7?
7
Let c be (-35)/(1 + (-4 - -2)). What is the greatest common divisor of c and 14?
7
Suppose 0 = -2*p + o - 18 + 84, -o + 109 = 3*p. Calculate the greatest common divisor of p and 175.
35
Suppose 20 = 4*q - 36. Let d be (6/9)/(-3 + 130/42). What is the greatest common divisor of d and q?
7
Let b = -4 + 67. Let t = 29 + -8. Calculate the greatest common divisor of b and t.
21
Suppose 4*x + 0*x = 80. What is the greatest common factor of x and 100?
20
Let m(t) = 2*t**2 + t + 4. Let h be m(-5). Suppose -3 - 4 = -n. What is the highest common divisor of n and h?
7
Let w(c) = 3*c - 3. Let p be w(4). Let i(y) = -y**3 - 8*y**2 - 6*y + 15. Let k be i(-8). What is the greatest common divisor of k and p?
9
Suppose -4*k = -h + 4, 4*k + 20 = 5*h + 5*k. Suppose -h*f + 36 = -3*f - 